se
Is 27963 a multiple of 239?
True
Does 19 divide 22518?
False
Is 9 a factor of 12916?
False
Is 3 a factor of 1120?
False
Is 316 a multiple of 50?
False
Is 10 a factor of 228?
False
Is 8 a factor of 556?
False
Does 86 divide 8958?
False
Is 6405 a multiple of 35?
True
Is 928 a multiple of 16?
True
Is 1760 a multiple of 11?
True
Is 57 a multiple of 21?
False
Does 11 divide 22022?
True
Does 50 divide 11650?
True
Does 29 divide 969?
False
Is 17 a factor of 187?
True
Is 49 a factor of 441?
True
Is 22492 a multiple of 10?
False
Is 12 a factor of 957?
False
Is 210 a multiple of 14?
True
Is 27 a factor of 6183?
True
Is 64563 a multiple of 9?
False
Is 89 a factor of 42273?
False
Is 115 a factor of 5408?
False
Is 297 a factor of 85160?
False
Is 10241 a multiple of 145?
False
Is 20 a factor of 640?
True
Is 432 a multiple of 27?
True
Is 14 a factor of 2989?
False
Does 30 divide 10886?
False
Does 65 divide 5475?
False
Is 4 a factor of 5351?
False
Does 93 divide 117861?
False
Does 4 divide 392?
True
Is 5 a factor of 119?
False
Does 55 divide 15152?
False
Is 69 a factor of 1380?
True
Is 6096 a multiple of 15?
False
Is 15 a factor of 1180?
False
Is 1693 a multiple of 65?
False
Is 23604 a multiple of 28?
True
Is 104 a factor of 9048?
True
Is 56 a factor of 1512?
True
Is 4133 a multiple of 36?
False
Is 2782 a multiple of 125?
False
Does 25 divide 3078?
False
Is 7520 a multiple of 65?
False
Does 42 divide 6762?
True
Does 5 divide 15802?
False
Is 54961 a multiple of 13?
False
Is 1572 a multiple of 41?
False
Is 43 a factor of 6003?
False
Is 7558 a multiple of 4?
False
Does 37 divide 1464?
False
Is 28382 a multiple of 46?
True
Does 10 divide 76652?
False
Does 31 divide 8727?
False
Is 2584 a multiple of 152?
True
Is 3048 a multiple of 3?
True
Does 37 divide 11026?
True
Is 35967 a multiple of 19?
True
Is 4 a factor of 1072?
True
Is 19 a factor of 247?
True
Is 37 a factor of 2090?
False
Is 61 a factor of 976?
True
Is 1384 a multiple of 8?
True
Does 40 divide 2743?
False
Is 4119 a multiple of 15?
False
Is 3016 a multiple of 20?
False
Is 88 a multiple of 18?
False
Is 223 a multiple of 33?
False
Does 8 divide 3382?
False
Does 13 divide 646?
False
Does 19 divide 1757?
False
Is 13 a factor of 3978?
True
Does 69 divide 14145?
True
Does 95 divide 190?
True
Is 248 a factor of 5456?
True
Is 31 a factor of 34472?
True
Is 9164 a multiple of 50?
False
Is 19 a factor of 399?
True
Does 11 divide 330?
True
Does 6 divide 2104?
False
Is 344 a multiple of 4?
True
Is 5763 a multiple of 125?
False
Is 25 a multiple of 5?
True
Is 472 a multiple of 119?
False
Is 26 a factor of 4888?
True
Is 7 a factor of 1638?
True
Does 3 divide 391?
False
Does 13 divide 6448?
True
Does 40 divide 880?
True
Is 11163 a multiple of 100?
False
Is 14 a factor of 420?
True
Does 97 divide 23959?
True
Is 392 a multiple of 7?
True
Is 460 a multiple of 17?
False
Does 121 divide 2552?
False
Is 25189 a multiple of 56?
False
Does 24 divide 1377?
False
Is 240 a multiple of 8?
True
Does 15 divide 302?
False
Is 3159 a multiple of 39?
True
Is 672 a multiple of 28?
True
Does 2 divide 156?
True
Is 3232 a multiple of 16?
True
Is 1052 a multiple of 4?
True
Is 242 a multiple of 9?
False
Is 28 a factor of 167738?
False
Is 3808 a multiple of 14?
True
Is 5 a factor of 3397?
False
Is 23230 a multiple of 53?
False
Is 7 a factor of 8325?
False
Is 12 a factor of 1872?
True
Is 13289 a multiple of 75?
False
Is 480 a multiple of 15?
True
Does 24 divide 29076?
False
Is 18 a factor of 467?
False
Does 251 divide 11936?
False
Does 40 divide 455?
False
Does 28 divide 57680?
True
Is 12 a factor of 14804?
False
Is 13 a factor of 88750?
False
Is 29 a factor of 5742?
True
Does 5 divide 27?
False
Is 80 a multiple of 8?
True
Does 8 divide 540?
False
Is 5451 a multiple of 69?
True
Is 33 a factor of 2896?
False
Is 23 a factor of 3044?
False
Does 10 divide 655?
False
Is 18 a factor of 66033?
False
Is 196 a factor of 25284?
True
Is 26 a factor of 38740?
True
Does 11 divide 6729?
False
Is 14955 a multiple of 215?
False
Is 213 a multiple of 4?
False
Is 5 a factor of 872?
False
Does 12 divide 13369?
False
Is 27937 a multiple of 23?
False
Is 9612 a multiple of 178?
True
Is 720 a multiple of 18?
True
Is 44 a multiple of 11?
True
Is 331 even?
False
Is 53 a factor of 2758?
False
Is 22620 a multiple of 78?
True
Is 35574 a multiple of 21?
True
Is 10444 a multiple of 28?
True
Does 84 divide 3990?
False
Is 50 a factor of 1263?
False
Does 102 divide 100927?
False
Is 10 a factor of 2065?
False
Is 6 a factor of 18882?
True
Is 116 a factor of 9280?
True
Does 101 divide 188565?
False
Does 21 divide 1428?
True
Is 9867 a multiple of 39?
True
Is 1571 a multiple of 19?
False
Does 7 divide 7144?
False
Does 7 divide 593?
False
Does 12 divide 54408?
True
Is 44 a factor of 1276?
True
Is 210 a multiple of 35?
True
Is 66 a factor of 15840?
True
Is 1216 a multiple of 16?
True
Is 7 a factor of 188?
False
Is 38652 a multiple of 90?
False
Is 96 a factor of 592?
False
Does 24 divide 22707?
False
Does 28 divide 9268?
True
Is 9 a factor of 5382?
True
Does 17 divide 15911?
False
Is 2 a factor of 79?
False
Is 1131 a multiple of 32?
False
Is 1144 a multiple of 28?
False
Does 40 divide 2000?
True
Is 9 a factor of 1035?
True
Does 39 divide 8930?
False
Does 5 divide 27359?
False
Is 27325 a multiple of 19?
False
Does 5 divide 10525?
True
Does 9 divide 575?
False
Does 5 divide 1295?
True
Does 25 divide 18900?
True
Does 5 divide 105?
True
Is 21 a factor of 2793?
True
Is 437 a multiple of 94?
False
Is 4 a factor of 52?
True
Is 84 a factor of 927?
False
Does 41 divide 574?
True
Does 14 divide 2900?
False
Is 187 a multiple of 52?
False
Is 685 a multiple of 26?
False
Does 36 divide 68004?
True
Is 32512 a multiple of 8?
True
Is 12 a factor of 446?
False
Is 12 a factor of 2882?
False
Is 164 a factor of 15088?
True
Does 61 divide 6161?
True
Is 2 a multiple of 2?
True
Is 23 a factor of 41251?
False
Does 69 divide 27939?
False
Is 17693 a multiple of 29?
False
Does 25 divide 40275?
True
Is 16 a factor of 32325?
False
Is 6087 a multiple of 81?
False
Is 1430 a multiple of 13?
True
Is 28 a factor of 616?
True
Is 11 a factor of 177?
False
Is 5478 a multiple of 63?
False
Is 3228 a multiple of 33?
False
Is 32759 a multiple of 17?
True
Does 53 divide 974?
False
Is 2 a factor of 562?
True
Does 2 divide 2034?
True
Is 80 a multiple of 4?
True
Is 12 a factor of 10584?
True
Is 28 a factor of 1085?
False
Does 48 divide 1344?
True
Does 14 divide 9170?
True
Does 13 divide 162?
False
Is 47 a factor of 90553?
False
Is 471 a multiple of 65?
False
Does 139 divide 1251?
True
Is 72 a factor of 16344?
True
Does 10 divide 2298?
False
Is 89 a factor of 2492?
True
Does 167 divide 29338?
False
Is 666 a multiple of 14?
False
Is 780 a multiple of 36?
False
Does 10 divide 15?
False
Is 5185 a multiple of 14?
False
Does 13 divide 172?
False
Is 19 a factor of 503?
False
Does 70 divide 12600?
True
Is 45 a factor of 3532?
False
Does 8 divide 288?
True
Is 2163 a multiple of 18?
False
Does 31 divide 155?
True
Is 145 a multiple of 29?
True
Is 22 a factor of 3474?
False
Is 63 a factor of 189?
True
Is 10621 a multiple of 43?
True
Does 124 divide 5589?
False
Is 7 a factor of 259?
True
Is 42 a factor of 2990?
False
Is 24 a factor of 57134?
False
Is 76 even?
True
Is 8020 a multiple of 12?
False
Is 2754 a multiple of 6?
True
Does 14 divide 322?
True
Is 15 a factor of 2126?
False
Is 15947 a multiple of 18?
False
Is 4 a factor of 1148?
True
Does 20 divide 15640?
True
Does 44 divide 751?
False
Is 16654 a multiple of 72?
False
Is 17 a factor of 450?
False
Is 868 a multiple of 62?
True
Is 10 a factor of 2197?
False
Does 3 divide 726?
True
Is 16 a factor of 262?
False
Does 13 divide 12496?
False
Is 10 a factor of 2539?
False
Is 13894 a multiple of 32?
False
Is 3 a factor of 3?
True
Does 94 divide 188?
True
Does 213 divide 43026?
True
Is 9 a factor of 45277?
False
Is 22 a factor of 4100?
False
Does 217 divide 5208?
True
Is 9 a factor of 2713?
False
Is 286 a multiple of 11?
True
Is 53 a factor of 742?
True
Is 924 a multiple of 42?
True
Does 21 divide 4355?
False
Does 3 divide 68?
False
Is 10 a factor of 25028?
False
Is 17 a factor of 408?
True
Is 8 a factor of 3277?
False
Is 14 a factor of 306?
False
Does 52 divide 1924?
True
Is 826 a multiple of 1